{"id":367,"date":"2025-12-06T19:18:43","date_gmt":"2025-12-06T19:18:43","guid":{"rendered":"https:\/\/www.magicgeekday.be\/?page_id=367"},"modified":"2026-01-08T17:00:44","modified_gmt":"2026-01-08T17:00:44","slug":"faire-un-don","status":"publish","type":"page","link":"https:\/\/www.magicgeekday.be\/index.php\/faire-un-don\/","title":{"rendered":"Deviens Liker"},"content":{"rendered":"\n<p><\/p>\n\n\n\n<p><\/p>\n\n\n\n<div class=\"wp-block-group is-nowrap is-layout-flex wp-container-core-group-is-layout-6c531013 wp-block-group-is-layout-flex\">\n<p>Tu veux \u00e9radiquer la faim dans le monde, interdire le nucl\u00e9aire et apaiser les tensions au Moyen-Orient mais \u00e7a marche moins bien que pr\u00e9vu ? Pas de probl\u00e8me ! Deviens liker du projet Magic Geek Day 2026 et soulage cette conscience endolorie.<br><br>En faisant \u00e0 notre ASBL (Ne Pas Confondre) un don de minimum 5 \u20ac, tu nous aides \u00e0 assumer les frais d&rsquo;organisation (d&rsquo;environ 2500 \u20ac &#8230;). L&rsquo;int\u00e9gralit\u00e9 des b\u00e9n\u00e9fices que nous r\u00e9aliserons sera revers\u00e9e \u00e0 une association.<br><br>Tout don peut \u00eatre adress\u00e9 au num\u00e9ro de compte d\u00e9di\u00e9 \u00e0 l&rsquo;Asbl Ne Pas Confondre : BE33 7320 7842 4046. N&rsquo;oublie pas de bien indiquer tes nom et pr\u00e9nom dans la communication pour faire partie de la \u00ab\u00a0liker&rsquo;s list\u00a0\u00bb. Pour te remercier de ton soutien, tout don d\u2019au moins 5 \u20ac donne acc\u00e8s \u00e0 un tirage au sort pour une bouteille de champagne.<br><br>La Team MGD te dit MERCI \ud83d\udc99 !<\/p>\n<\/div>\n\n\n\n<figure class=\"wp-block-image aligncenter is-resized is-style-rounded\"><img loading=\"lazy\" decoding=\"async\" width=\"1024\" height=\"1015\" src=\"https:\/\/www.magicgeekday.be\/wp-content\/uploads\/2025\/12\/mgd-1024x1015.jpg\" alt=\"\" class=\"wp-image-375\" style=\"aspect-ratio:1.0088566968212107;width:404px;height:auto\" srcset=\"https:\/\/www.magicgeekday.be\/wp-content\/uploads\/2025\/12\/mgd-1024x1015.jpg 1024w, https:\/\/www.magicgeekday.be\/wp-content\/uploads\/2025\/12\/mgd-300x297.jpg 300w, https:\/\/www.magicgeekday.be\/wp-content\/uploads\/2025\/12\/mgd-150x150.jpg 150w, https:\/\/www.magicgeekday.be\/wp-content\/uploads\/2025\/12\/mgd-768x762.jpg 768w, https:\/\/www.magicgeekday.be\/wp-content\/uploads\/2025\/12\/mgd.jpg 1066w\" sizes=\"auto, (max-width: 1024px) 100vw, 1024px\" \/><\/figure>\n\n\n\n<p><\/p>\n","protected":false},"excerpt":{"rendered":"<p>Tu veux \u00e9radiquer la faim dans le monde, interdire le nucl\u00e9aire et apaiser les tensions au Moyen-Orient mais \u00e7a marche moins bien que pr\u00e9vu ? Pas de probl\u00e8me ! Deviens liker du projet Magic Geek Day 2026 et soulage cette conscience endolorie. En faisant \u00e0 notre ASBL (Ne Pas Confondre) un don de minimum 5 [&hellip;]<\/p>\n","protected":false},"author":1,"featured_media":0,"parent":0,"menu_order":0,"comment_status":"closed","ping_status":"closed","template":"","meta":{"footnotes":""},"class_list":["post-367","page","type-page","status-publish","hentry"],"_links":{"self":[{"href":"https:\/\/www.magicgeekday.be\/index.php\/wp-json\/wp\/v2\/pages\/367","targetHints":{"allow":["GET"]}}],"collection":[{"href":"https:\/\/www.magicgeekday.be\/index.php\/wp-json\/wp\/v2\/pages"}],"about":[{"href":"https:\/\/www.magicgeekday.be\/index.php\/wp-json\/wp\/v2\/types\/page"}],"author":[{"embeddable":true,"href":"https:\/\/www.magicgeekday.be\/index.php\/wp-json\/wp\/v2\/users\/1"}],"replies":[{"embeddable":true,"href":"https:\/\/www.magicgeekday.be\/index.php\/wp-json\/wp\/v2\/comments?post=367"}],"version-history":[{"count":16,"href":"https:\/\/www.magicgeekday.be\/index.php\/wp-json\/wp\/v2\/pages\/367\/revisions"}],"predecessor-version":[{"id":731,"href":"https:\/\/www.magicgeekday.be\/index.php\/wp-json\/wp\/v2\/pages\/367\/revisions\/731"}],"wp:attachment":[{"href":"https:\/\/www.magicgeekday.be\/index.php\/wp-json\/wp\/v2\/media?parent=367"}],"curies":[{"name":"wp","href":"https:\/\/api.w.org\/{rel}","templated":true}]}}