{"id":35,"date":"2025-12-05T14:46:28","date_gmt":"2025-12-05T14:46:28","guid":{"rendered":"http:\/\/www.magicgeekday.be\/?page_id=35"},"modified":"2026-01-08T17:21:17","modified_gmt":"2026-01-08T17:21:17","slug":"team","status":"publish","type":"page","link":"https:\/\/www.magicgeekday.be\/index.php\/team\/","title":{"rendered":"La Team"},"content":{"rendered":"\n<p class=\"has-medium-font-size\"><\/p>\n\n\n\n<div class=\"wp-block-group alignfull has-ti-fg-alt-color has-ti-accent-background-color has-text-color has-background is-layout-constrained wp-container-core-group-is-layout-fe0e70a4 wp-block-group-is-layout-constrained\" style=\"margin-top:0px;margin-bottom:0px;padding-top:64px;padding-bottom:64px\">\n<h4 class=\"wp-block-heading alignwide has-text-align-center\" style=\"line-height:1\">La team MGD est une \u00e9toile \u00e0 six branches, plus perch\u00e9es les unes que les autres<\/h4>\n<\/div>\n\n\n\n<p class=\"has-medium-font-size\"><\/p>\n\n\n\n<p class=\"has-medium-font-size\"><\/p>\n\n\n\n<div class=\"wp-block-media-text is-stacked-on-mobile\" style=\"grid-template-columns:25% auto\"><figure class=\"wp-block-media-text__media\"><img loading=\"lazy\" decoding=\"async\" width=\"1024\" height=\"1024\" src=\"https:\/\/www.magicgeekday.be\/wp-content\/uploads\/2025\/12\/maud.jpg\" alt=\"\" class=\"wp-image-255 size-full\" srcset=\"https:\/\/www.magicgeekday.be\/wp-content\/uploads\/2025\/12\/maud.jpg 1024w, https:\/\/www.magicgeekday.be\/wp-content\/uploads\/2025\/12\/maud-300x300.jpg 300w, https:\/\/www.magicgeekday.be\/wp-content\/uploads\/2025\/12\/maud-150x150.jpg 150w, https:\/\/www.magicgeekday.be\/wp-content\/uploads\/2025\/12\/maud-768x768.jpg 768w\" sizes=\"auto, (max-width: 1024px) 100vw, 1024px\" \/><\/figure><div class=\"wp-block-media-text__content\">\n<p><strong>Maud<\/strong><br>Alors\u2026 Comment d\u00e9crire Maud? Vous voyez un diable de Tasmanie? Voil\u00e0. C&rsquo;est la fille de la bande. D\u00e9esse de l&rsquo;informatique, elle est l\u2019admin du site Internet sur lequel vos yeux de velours sont actuellement pos\u00e9s. Elle est \u00e9galement grande argenti\u00e8re de la confr\u00e9rie. Bref, vous l\u2019aurez compris: aux grands Maud, les grands rem\u00e8des!<\/p>\n<\/div><\/div>\n\n\n\n<div class=\"wp-block-media-text is-stacked-on-mobile\" style=\"grid-template-columns:25% auto\"><figure class=\"wp-block-media-text__media\"><img loading=\"lazy\" decoding=\"async\" width=\"412\" height=\"518\" src=\"https:\/\/www.magicgeekday.be\/wp-content\/uploads\/2025\/12\/dan.jpg\" alt=\"\" class=\"wp-image-256 size-full\" srcset=\"https:\/\/www.magicgeekday.be\/wp-content\/uploads\/2025\/12\/dan.jpg 412w, https:\/\/www.magicgeekday.be\/wp-content\/uploads\/2025\/12\/dan-239x300.jpg 239w\" sizes=\"auto, (max-width: 412px) 100vw, 412px\" \/><\/figure><div class=\"wp-block-media-text__content\">\n<p><strong>Raccoon<\/strong><br>Cinqui\u00e8me\u2026 dan d\u2019humour noir, obs\u00e9d\u00e9 des vieilles consoles, Raccoon, c\u2019est l\u2019\u00e2me geek du projet. C\u2019est lui, qui, \u00e0 la sueur de son front, a repris les r\u00eanes du d\u00e9funt R\u00e9tro Wizard Day. Il a port\u00e9 seul la premi\u00e8re \u00e9dition ; plusieurs de ses vert\u00e8bres y sont rest\u00e9es. Du cou, il a d\u00e9cid\u00e9 de s\u2019entourer de tous les autres. Concr\u00e8tement, Dan est surtout l\u2019amoureux de Maud (travail \u00e0 temps complet), g\u00e8re en grande partie la communication avec nos exposants et prend en charge une partie des aspects organisationnels, aussi nombreux que fastidieux, qu\u2019impose le projet Magic Geek Day.<\/p>\n<\/div><\/div>\n\n\n\n<div class=\"wp-block-media-text is-stacked-on-mobile\" style=\"grid-template-columns:25% auto\"><figure class=\"wp-block-media-text__media\"><img loading=\"lazy\" decoding=\"async\" width=\"768\" height=\"1024\" src=\"https:\/\/www.magicgeekday.be\/wp-content\/uploads\/2025\/12\/Fred-768x1024.jpg\" alt=\"\" class=\"wp-image-258 size-full\" srcset=\"https:\/\/www.magicgeekday.be\/wp-content\/uploads\/2025\/12\/Fred-768x1024.jpg 768w, https:\/\/www.magicgeekday.be\/wp-content\/uploads\/2025\/12\/Fred-225x300.jpg 225w, https:\/\/www.magicgeekday.be\/wp-content\/uploads\/2025\/12\/Fred-1152x1536.jpg 1152w, https:\/\/www.magicgeekday.be\/wp-content\/uploads\/2025\/12\/Fred.jpg 1200w\" sizes=\"auto, (max-width: 768px) 100vw, 768px\" \/><\/figure><div class=\"wp-block-media-text__content\">\n<p><strong>Fred<\/strong><br>C\u2019est moi. Enfin, l\u2019auteur de ces lignes. Je suis entr\u00e9 dans ce projet totalement par hasard, un peu comme tout ce que j\u2019ai fait dans la vie. J\u2019\u00e9tais au bar (MGD 2024 &#8211; j\u2019aidais, hein, ne me faites pas passer pour ce que\u2026 ce que je suis, d\u2019accord) et j\u2019ai vu combien Dan ramait seul dans le sable. Alors, ami fid\u00e8le, sorte de labrador humain, j\u2019ai tendu ma petite papatte pour lui proposer mon aide. Et il a dit oui, l\u2019enfoir\u00e9! Blague \u00e0 part, n\u2019\u00e9tant pas geek mais apprenant \u00e0 le devenir, je touche un peu \u00e0 tout : j\u2019organise, je communique, je cherche des sponsors et des exposants. On me surnomme \u00ab\u00a0l\u2019Homme aux mille mails\u00a0\u00bb. Tout \u00e7a quoi. Et encore d\u2019autres choses, mais bon, du calme, on se conna\u00eet \u00e0 peine.<\/p>\n<\/div><\/div>\n\n\n\n<div class=\"wp-block-media-text is-stacked-on-mobile\" style=\"grid-template-columns:25% auto\"><figure class=\"wp-block-media-text__media\"><img loading=\"lazy\" decoding=\"async\" width=\"720\" height=\"725\" src=\"https:\/\/www.magicgeekday.be\/wp-content\/uploads\/2025\/12\/EvilAsh.jpg\" alt=\"\" class=\"wp-image-261 size-full\" srcset=\"https:\/\/www.magicgeekday.be\/wp-content\/uploads\/2025\/12\/EvilAsh.jpg 720w, https:\/\/www.magicgeekday.be\/wp-content\/uploads\/2025\/12\/EvilAsh-298x300.jpg 298w, https:\/\/www.magicgeekday.be\/wp-content\/uploads\/2025\/12\/EvilAsh-150x150.jpg 150w\" sizes=\"auto, (max-width: 720px) 100vw, 720px\" \/><\/figure><div class=\"wp-block-media-text__content\">\n<p><strong>EvilAsh<\/strong><br>Est le P\u00e8re Fondateur. C\u2019est LUI qui a cr\u00e9\u00e9 le R\u00e9tro Wizard Day, \u00e9v\u00e9nement annuel qui aura fleuri plusieurs ann\u00e9es durant. Fieff\u00e9 connaisseur du cin\u00e9ma de genre (genre, heu\u2026 genre\u2026 Ben genre, vous voyez, quoi), il est aussi tr\u00e8s g\u00e9n\u00e9reux puisqu\u2019il a fil\u00e9 les cl\u00e9s du projet \u00e0 son dauphin. Mais, vu que c\u2019est un VRAI passionn\u00e9, il a finalement remis les crampons et a rejoint le groupe. Il est notre Monsieur Facebook, g\u00e8re nos publications et fait jouer son invraisemblable carnet d\u2019adresses pour connecter le projet \u00e0 la pop culture li\u00e9geoise.<\/p>\n<\/div><\/div>\n\n\n\n<div class=\"wp-block-media-text is-stacked-on-mobile\" style=\"grid-template-columns:25% auto\"><figure class=\"wp-block-media-text__media\"><img loading=\"lazy\" decoding=\"async\" width=\"960\" height=\"956\" src=\"https:\/\/www.magicgeekday.be\/wp-content\/uploads\/2025\/12\/fabian.jpg\" alt=\"\" class=\"wp-image-265 size-full\" srcset=\"https:\/\/www.magicgeekday.be\/wp-content\/uploads\/2025\/12\/fabian.jpg 960w, https:\/\/www.magicgeekday.be\/wp-content\/uploads\/2025\/12\/fabian-300x300.jpg 300w, https:\/\/www.magicgeekday.be\/wp-content\/uploads\/2025\/12\/fabian-150x150.jpg 150w, https:\/\/www.magicgeekday.be\/wp-content\/uploads\/2025\/12\/fabian-768x765.jpg 768w\" sizes=\"auto, (max-width: 960px) 100vw, 960px\" \/><\/figure><div class=\"wp-block-media-text__content\">\n<p><strong>Fabian<\/strong><br>Alors l\u00e0, on entre dans une autre sous-cat\u00e9gorie de la geek attitude. Fabian louvoie, que dis-je erre entre le cin\u00e9ma horrifique et le m\u00e9tal depuis plus de 30 ans. A ce niveau-l\u00e0, on ne parle plus de sp\u00e9cialit\u00e9, mais d\u2019ex\u00e9g\u00e8se. Concr\u00e8tement, \u00e7a donne des tee-shirts qui font couler les yeux, des concerts \u00e0 la pelle et des soir\u00e9es \u00ab gore \u00bb largement saupoudr\u00e9es de bi\u00e8res et de pizzas. Et si vous souhaitez l\u2019entendre hurler \u00ab Vade retro satanas \u00bb, vous lui pr\u00e9sentez une Jupiler au lieu d\u2019un Maes\u2026 Vous voil\u00e0 pr\u00e9venu, attention aux acouph\u00e8nes.<\/p>\n<\/div><\/div>\n\n\n\n<div class=\"wp-block-media-text is-stacked-on-mobile\" style=\"grid-template-columns:25% auto\"><figure class=\"wp-block-media-text__media\"><img loading=\"lazy\" decoding=\"async\" width=\"589\" height=\"589\" src=\"https:\/\/www.magicgeekday.be\/wp-content\/uploads\/2025\/12\/simon.jpg\" alt=\"\" class=\"wp-image-267 size-full\" srcset=\"https:\/\/www.magicgeekday.be\/wp-content\/uploads\/2025\/12\/simon.jpg 589w, https:\/\/www.magicgeekday.be\/wp-content\/uploads\/2025\/12\/simon-300x300.jpg 300w, https:\/\/www.magicgeekday.be\/wp-content\/uploads\/2025\/12\/simon-150x150.jpg 150w\" sizes=\"auto, (max-width: 589px) 100vw, 589px\" \/><\/figure><div class=\"wp-block-media-text__content\">\n<p><strong>Simon<\/strong><br>Bienvenue dans la dentelle cosmique, les amis. Simon est info-graphiste et joue les De Vinci de l\u2019effet sp\u00e9cial sur moultes projets audiovisuels. Dont un film de la franchise Star Wars, excusez du peu! Quand je vous dis qu\u2019on a du beau linge! L\u2019affiche MGD 2025 et 2026? C\u2019est lui. Le logo? C\u2019est lui. Le mur de Berlin en 89? Le pouce lev\u00e9 m\u00e9ga-classe des Likers sur la page Facebook? La mort de Nelson Mandela? Et ben tout \u00e7a, c\u2019est lui. Y a que pour celle de Serge Gainsbourg que je conserve un doute. Mais \u00e0 mon avis\u2026 C\u2019est lui.<\/p>\n<\/div><\/div>\n\n\n\n<p class=\"has-text-align-left\">Ce sixtet aussi improbable qu\u2019une coupe de cheveux \u00e0 la Ace Ventura nourrit deux ambitions majeures : cr\u00e9er un espace-temps dans lequel les passionn\u00e9.es de la pop culture peuvent \u00e9changer, acheter, vendre, troquer, d\u00e9battre\u2026 et collecter un maximum de sous \u00e0 destination d\u2019une \u0153uvre de bienfaisance.<\/p>\n\n\n\n<p class=\"has-text-align-center\">C\u2019est du win-win: faire du bien \u00e0 d\u2019autres en se faisant du bien \u00e0 soi!<\/p>\n\n\n\n<p>D\u2019autres geekers aident le projet, d\u2019un peu plus loin, mais elles et ils sont l\u2019huile qui fait que les p\u00e2tes ne collent pas en fin de cuisson. \u00c7a vous int\u00e9resse? On est complets. Non, je d\u00e9conne. Un petit mail, un petit post, un petit message, un petit pigeon, et on en parle\u2026<\/p>\n\n\n\n<p><\/p>\n\n\n\n<p><\/p>\n","protected":false},"excerpt":{"rendered":"<p>La team MGD est une \u00e9toile \u00e0 six branches, plus perch\u00e9es les unes que les autres MaudAlors\u2026 Comment d\u00e9crire Maud? Vous voyez un diable de Tasmanie? Voil\u00e0. C&rsquo;est la fille de la bande. D\u00e9esse de l&rsquo;informatique, elle est l\u2019admin du site Internet sur lequel vos yeux de velours sont actuellement pos\u00e9s. Elle est \u00e9galement grande [&hellip;]<\/p>\n","protected":false},"author":1,"featured_media":0,"parent":0,"menu_order":0,"comment_status":"closed","ping_status":"closed","template":"","meta":{"footnotes":""},"class_list":["post-35","page","type-page","status-publish","hentry"],"_links":{"self":[{"href":"https:\/\/www.magicgeekday.be\/index.php\/wp-json\/wp\/v2\/pages\/35","targetHints":{"allow":["GET"]}}],"collection":[{"href":"https:\/\/www.magicgeekday.be\/index.php\/wp-json\/wp\/v2\/pages"}],"about":[{"href":"https:\/\/www.magicgeekday.be\/index.php\/wp-json\/wp\/v2\/types\/page"}],"author":[{"embeddable":true,"href":"https:\/\/www.magicgeekday.be\/index.php\/wp-json\/wp\/v2\/users\/1"}],"replies":[{"embeddable":true,"href":"https:\/\/www.magicgeekday.be\/index.php\/wp-json\/wp\/v2\/comments?post=35"}],"version-history":[{"count":37,"href":"https:\/\/www.magicgeekday.be\/index.php\/wp-json\/wp\/v2\/pages\/35\/revisions"}],"predecessor-version":[{"id":740,"href":"https:\/\/www.magicgeekday.be\/index.php\/wp-json\/wp\/v2\/pages\/35\/revisions\/740"}],"wp:attachment":[{"href":"https:\/\/www.magicgeekday.be\/index.php\/wp-json\/wp\/v2\/media?parent=35"}],"curies":[{"name":"wp","href":"https:\/\/api.w.org\/{rel}","templated":true}]}}

<p class="has-medium-font-size"></p>



<div class="wp-block-group alignfull has-ti-fg-alt-color has-ti-accent-background-color has-text-color has-background is-layout-constrained wp-container-core-group-is-layout-fe0e70a4 wp-block-group-is-layout-constrained" style="margin-top:0px;margin-bottom:0px;padding-top:64px;padding-bottom:64px">
<h4 class="wp-block-heading alignwide has-text-align-center" style="line-height:1">La team MGD est une étoile à six branches, plus perchées les unes que les autres</h4>
</div>



<p class="has-medium-font-size"></p>



<p class="has-medium-font-size"></p>



<div class="wp-block-media-text is-stacked-on-mobile" style="grid-template-columns:25% auto"><figure class="wp-block-media-text__media"><img loading="lazy" decoding="async" width="1024" height="1024" src="https://www.magicgeekday.be/wp-content/uploads/2025/12/maud.jpg" alt="" class="wp-image-255 size-full" srcset="https://www.magicgeekday.be/wp-content/uploads/2025/12/maud.jpg 1024w, https://www.magicgeekday.be/wp-content/uploads/2025/12/maud-300x300.jpg 300w, https://www.magicgeekday.be/wp-content/uploads/2025/12/maud-150x150.jpg 150w, https://www.magicgeekday.be/wp-content/uploads/2025/12/maud-768x768.jpg 768w" sizes="auto, (max-width: 1024px) 100vw, 1024px" /></figure><div class="wp-block-media-text__content">
<p><strong>Maud</strong><br>Alors… Comment décrire Maud? Vous voyez un diable de Tasmanie? Voilà. C&rsquo;est la fille de la bande. Déesse de l&rsquo;informatique, elle est l’admin du site Internet sur lequel vos yeux de velours sont actuellement posés. Elle est également grande argentière de la confrérie. Bref, vous l’aurez compris: aux grands Maud, les grands remèdes!</p>
</div></div>



<div class="wp-block-media-text is-stacked-on-mobile" style="grid-template-columns:25% auto"><figure class="wp-block-media-text__media"><img loading="lazy" decoding="async" width="412" height="518" src="https://www.magicgeekday.be/wp-content/uploads/2025/12/dan.jpg" alt="" class="wp-image-256 size-full" srcset="https://www.magicgeekday.be/wp-content/uploads/2025/12/dan.jpg 412w, https://www.magicgeekday.be/wp-content/uploads/2025/12/dan-239x300.jpg 239w" sizes="auto, (max-width: 412px) 100vw, 412px" /></figure><div class="wp-block-media-text__content">
<p><strong>Raccoon</strong><br>Cinquième… dan d’humour noir, obsédé des vieilles consoles, Raccoon, c’est l’âme geek du projet. C’est lui, qui, à la sueur de son front, a repris les rênes du défunt Rétro Wizard Day. Il a porté seul la première édition ; plusieurs de ses vertèbres y sont restées. Du cou, il a décidé de s’entourer de tous les autres. Concrètement, Dan est surtout l’amoureux de Maud (travail à temps complet), gère en grande partie la communication avec nos exposants et prend en charge une partie des aspects organisationnels, aussi nombreux que fastidieux, qu’impose le projet Magic Geek Day.</p>
</div></div>



<div class="wp-block-media-text is-stacked-on-mobile" style="grid-template-columns:25% auto"><figure class="wp-block-media-text__media"><img loading="lazy" decoding="async" width="768" height="1024" src="https://www.magicgeekday.be/wp-content/uploads/2025/12/Fred-768x1024.jpg" alt="" class="wp-image-258 size-full" srcset="https://www.magicgeekday.be/wp-content/uploads/2025/12/Fred-768x1024.jpg 768w, https://www.magicgeekday.be/wp-content/uploads/2025/12/Fred-225x300.jpg 225w, https://www.magicgeekday.be/wp-content/uploads/2025/12/Fred-1152x1536.jpg 1152w, https://www.magicgeekday.be/wp-content/uploads/2025/12/Fred.jpg 1200w" sizes="auto, (max-width: 768px) 100vw, 768px" /></figure><div class="wp-block-media-text__content">
<p><strong>Fred</strong><br>C’est moi. Enfin, l’auteur de ces lignes. Je suis entré dans ce projet totalement par hasard, un peu comme tout ce que j’ai fait dans la vie. J’étais au bar (MGD 2024 &#8211; j’aidais, hein, ne me faites pas passer pour ce que… ce que je suis, d’accord) et j’ai vu combien Dan ramait seul dans le sable. Alors, ami fidèle, sorte de labrador humain, j’ai tendu ma petite papatte pour lui proposer mon aide. Et il a dit oui, l’enfoiré! Blague à part, n’étant pas geek mais apprenant à le devenir, je touche un peu à tout : j’organise, je communique, je cherche des sponsors et des exposants. On me surnomme « l’Homme aux mille mails ». Tout ça quoi. Et encore d’autres choses, mais bon, du calme, on se connaît à peine.</p>
</div></div>



<div class="wp-block-media-text is-stacked-on-mobile" style="grid-template-columns:25% auto"><figure class="wp-block-media-text__media"><img loading="lazy" decoding="async" width="720" height="725" src="https://www.magicgeekday.be/wp-content/uploads/2025/12/EvilAsh.jpg" alt="" class="wp-image-261 size-full" srcset="https://www.magicgeekday.be/wp-content/uploads/2025/12/EvilAsh.jpg 720w, https://www.magicgeekday.be/wp-content/uploads/2025/12/EvilAsh-298x300.jpg 298w, https://www.magicgeekday.be/wp-content/uploads/2025/12/EvilAsh-150x150.jpg 150w" sizes="auto, (max-width: 720px) 100vw, 720px" /></figure><div class="wp-block-media-text__content">
<p><strong>EvilAsh</strong><br>Est le Père Fondateur. C’est LUI qui a créé le Rétro Wizard Day, événement annuel qui aura fleuri plusieurs années durant. Fieffé connaisseur du cinéma de genre (genre, heu… genre… Ben genre, vous voyez, quoi), il est aussi très généreux puisqu’il a filé les clés du projet à son dauphin. Mais, vu que c’est un VRAI passionné, il a finalement remis les crampons et a rejoint le groupe. Il est notre Monsieur Facebook, gère nos publications et fait jouer son invraisemblable carnet d’adresses pour connecter le projet à la pop culture liégeoise.</p>
</div></div>



<div class="wp-block-media-text is-stacked-on-mobile" style="grid-template-columns:25% auto"><figure class="wp-block-media-text__media"><img loading="lazy" decoding="async" width="960" height="956" src="https://www.magicgeekday.be/wp-content/uploads/2025/12/fabian.jpg" alt="" class="wp-image-265 size-full" srcset="https://www.magicgeekday.be/wp-content/uploads/2025/12/fabian.jpg 960w, https://www.magicgeekday.be/wp-content/uploads/2025/12/fabian-300x300.jpg 300w, https://www.magicgeekday.be/wp-content/uploads/2025/12/fabian-150x150.jpg 150w, https://www.magicgeekday.be/wp-content/uploads/2025/12/fabian-768x765.jpg 768w" sizes="auto, (max-width: 960px) 100vw, 960px" /></figure><div class="wp-block-media-text__content">
<p><strong>Fabian</strong><br>Alors là, on entre dans une autre sous-catégorie de la geek attitude. Fabian louvoie, que dis-je erre entre le cinéma horrifique et le métal depuis plus de 30 ans. A ce niveau-là, on ne parle plus de spécialité, mais d’exégèse. Concrètement, ça donne des tee-shirts qui font couler les yeux, des concerts à la pelle et des soirées « gore » largement saupoudrées de bières et de pizzas. Et si vous souhaitez l’entendre hurler « Vade retro satanas », vous lui présentez une Jupiler au lieu d’un Maes… Vous voilà prévenu, attention aux acouphènes.</p>
</div></div>



<div class="wp-block-media-text is-stacked-on-mobile" style="grid-template-columns:25% auto"><figure class="wp-block-media-text__media"><img loading="lazy" decoding="async" width="589" height="589" src="https://www.magicgeekday.be/wp-content/uploads/2025/12/simon.jpg" alt="" class="wp-image-267 size-full" srcset="https://www.magicgeekday.be/wp-content/uploads/2025/12/simon.jpg 589w, https://www.magicgeekday.be/wp-content/uploads/2025/12/simon-300x300.jpg 300w, https://www.magicgeekday.be/wp-content/uploads/2025/12/simon-150x150.jpg 150w" sizes="auto, (max-width: 589px) 100vw, 589px" /></figure><div class="wp-block-media-text__content">
<p><strong>Simon</strong><br>Bienvenue dans la dentelle cosmique, les amis. Simon est info-graphiste et joue les De Vinci de l’effet spécial sur moultes projets audiovisuels. Dont un film de la franchise Star Wars, excusez du peu! Quand je vous dis qu’on a du beau linge! L’affiche MGD 2025 et 2026? C’est lui. Le logo? C’est lui. Le mur de Berlin en 89? Le pouce levé méga-classe des Likers sur la page Facebook? La mort de Nelson Mandela? Et ben tout ça, c’est lui. Y a que pour celle de Serge Gainsbourg que je conserve un doute. Mais à mon avis… C’est lui.</p>
</div></div>



<p class="has-text-align-left">Ce sixtet aussi improbable qu’une coupe de cheveux à la Ace Ventura nourrit deux ambitions majeures : créer un espace-temps dans lequel les passionné.es de la pop culture peuvent échanger, acheter, vendre, troquer, débattre… et collecter un maximum de sous à destination d’une œuvre de bienfaisance.</p>



<p class="has-text-align-center">C’est du win-win: faire du bien à d’autres en se faisant du bien à soi!</p>



<p>D’autres geekers aident le projet, d’un peu plus loin, mais elles et ils sont l’huile qui fait que les pâtes ne collent pas en fin de cuisson. Ça vous intéresse? On est complets. Non, je déconne. Un petit mail, un petit post, un petit message, un petit pigeon, et on en parle…</p>



<p></p>



<p></p>

<p>La team MGD est une étoile à six branches, plus perchées les unes que les autres MaudAlors… Comment décrire Maud? Vous voyez un diable de Tasmanie? Voilà. C&rsquo;est la fille de la bande. Déesse de l&rsquo;informatique, elle est l’admin du site Internet sur lequel vos yeux de velours sont actuellement posés. Elle est également grande [&hellip;]</p>
